 0. Calculate the greatest common factor of 384 and d.
64
Let l(u) = 38*u + 203. Let v be l(-5). What is the highest common factor of v and 221?
13
Let x be (-33)/(-110) - 249/30. Let w be (-2 - -1) + 488 - x. Calculate the highest common divisor of w and 55.
55
Suppose 0 = 5*m - 10*m + 160. Let q = 62 - 38. Suppose 5*r - 2*r - q = 0. Calculate the highest common divisor of r and m.
8
Suppose h + 23839 = 5*d, d + 8*h - 4739 = 13*h. What is the greatest common factor of 19 and d?
19
Let h be ((-20)/(-8) - -3)*(-68 + 70). Let u = 325 - 182. What is the greatest common factor of h and u?
11
Suppose 3*h = 5*h + n - 556, 5*h = 2*n + 1372. Let v be 6*10/18*6003/58. Calculate the highest common factor of v and h.
69
Suppose 264*h = -126 + 1710. Calculate the greatest common divisor of h and 372.
6
Let b be 2/4 - 119/(-2). Suppose -36*r - 12*r = 45*r - 2232. Calculate the highest common divisor of b and r.
12
Suppose -276*c = -264*c - 188496. Suppose 0 = 28*o - 16*o - c. Calculate the greatest common divisor of 7 and o.
7
Suppose -4*v = -3*b - 184, 180 = 4*v + 5*b - 9*b. Let x = v - 16. Suppose -5*m - 91 = -3*a, 6*m - m + 47 = a. What is the greatest common divisor of a and x?
11
Suppose -5*n + 21 = -99. Suppose -7*c = -11*c + n. Suppose 29 + 7 = c*j. What is the greatest common divisor of 54 and j?
6
Let y(k) = -11*k - 41. Let c(t) = t - 1. Let d(o) = 6*c(o) + 3*y(o). Let v be d(-11). What is the highest common factor of 105 and v?
21
Let n be -3*1/(-3)*(-11)/(-1). Suppose 610 = n*m - 512. Calculate the highest common divisor of 255 and m.
51
Let r(g) = g**3 + 19*g**2 + 4*g + 80. Let w be 6/15 + (-1843)/95. Let y be r(w). What is the highest common divisor of 64 and y?
4
Suppose 85*o - 1217650 - 928785 = -60*o. Calculate the greatest common divisor of o and 131.
131
Let o be 21 + 1626*(-111)/(-18). Calculate the highest common divisor of o and 96.
32
Suppose -5*i = -2*z + 6 - 0, 0 = -3*z + i + 22. Let t be z - 2/(-1) - 3. Suppose 0 = t*a - a - 24. Calculate the greatest common factor of a and 4.
4
Suppose 22957*j + 3136 = 22985*j. Calculate the highest common factor of 469 and j.
7
Let v(m) = -3*m + 2*m + 17 + 0. Let o be v(5). What is the highest common divisor of 48 and o?
12
Let z(s) = -247*s**2 - 1982*s - 12. Let m be z(-8). Let a be (-4)/(-4) - 1*-23. Let t = a + -15. What is the greatest common divisor of t and m?
9
Let o(v) = -45*v**3 - v**2 + 1. Let f be o(1). Let u = 57 + f. Let w(z) = -z**3 + 12*z**2 + 3. Let q be w(u). What is the greatest common factor of q and 12?
3
Let p(g) = 5*g**2 - 14*g - 3. Let n be p(-4). Let a = n + -116. Calculate the highest common divisor of 68 and a.
17
Let j = -43 + 67. Let w(a) = -6796*a - 101876. Let o be w(-15). Calculate the greatest common divisor of j and o.
8
Suppose 3*t - 23 - 28 = 0. Let g = -15 + t. Suppose 0*a = -3*a + 3*s + 171, g*s = -a + 54. Calculate the greatest common factor of 140 and a.
28
Let a = -261 + -49. Let x = a - -426. Calculate the highest common factor of x and 290.
58
Suppose 71643 = 22*g - 34212 - 6895. Calculate the highest common factor of g and 41.
41
Let t(f) be the second derivative of 27*f**3 - 4*f**2 - 5*f. Let h be t(4). Suppose 3*c = -2*c + h. What is the highest common divisor of c and 16?
16
Let p be -7*((-2)/42 + 2/6). Let l be ((-465)/31)/(5/p + 1). What is the highest common factor of 70 and l?
10
Let o be 45/6*(-4)/(-3). Let t(b) be the first derivative of -b**3/3 - 15*b**2/2 + 76*b + 63. Let g be t(-14). What is the greatest common factor of o and g?
10
Suppose 8669 = 120*a - 1891. What is the greatest common factor of a and 3399?
11
Suppose 4*b + 4*x = b + 447, -x = 14*b - 1927. What is the greatest common divisor of 51101 and b?
137
Let v(u) = -15*u - 43. Let m be v(-3). Let y(j) = 93*j**2 + 15*j + 4. Let b be y(m). What is the highest common divisor of b and 14?
14
Let z(l) = 16055*l + 316. Let j be z(2). What is the highest common factor of j and 62?
62
Suppose -4*b - 90 = 3*l - 442, -2*b - 2*l = -176. Calculate the highest common factor of b and 48.
8
Let d(i) = 31*i**3 - 4*i**2 + 9*i - 14. Let y be d(7). Calculate the highest common factor of 70 and y.
14
Let w(b) be the first derivative of -b**4/2 - b**2 - 2*b + 21. Let x be w(-2). What is the greatest common divisor of 12 and x?
6
Let g(s) = 8*s**2 + s + 2. Let z be g(2). Let l be 42/7 - (-124 - 104). What is the highest common divisor of z and l?
18
Let v(a) = -33*a**2 + 830*a + 11. Let h be v(25). Calculate the highest common divisor of 3587 and h.
17
Let x be 2/(-3) - (-100)/15. Let o = -14 - -10. Let u = o - -100. Calculate the highest common factor of x and u.
6
Let v be ((-45)/(-2))/((475/(-40))/(-19)). What is the greatest common divisor of 12105 and v?
9
Let j be (-8)/((-11)/(33/(-6))). Let v be (-18)/j*2/3. Suppose 5*g + 29 = 2*l, -6*l - 5*g + 6 = -v*l. What is the highest common factor of 7 and l?
7
Let w(g) = 6 + 18*g - 3*g**2 - 3*g**2 - 13*g. Let p be w(3). Let k = -32 - p. What is the greatest common divisor of k and 1?
1
Let z(a) = -a**2 + a + 1. Let m(i) = 11*i - 26. Let y(h) = m(h) + z(h). Suppose 99*x + 60 = 951. Let w be y(x). Calculate the highest common factor of 32 and w.
2
Suppose -j + 2 = 0, 4*w - 2*w = 4*j. Suppose w*g - 5*d - 2346 = 0, -g + 0*d = d - 591. Calculate the greatest common factor of g and 19.
19
Let o be (-2)/(-11) - 31155/(-165) - 3. What is the highest common factor of o and 54?
6
Suppose -5 = 3*w - 8, -5*y = -5*w - 45. Suppose -y*a + 218 + 142 = 0. What is the highest common factor of 108 and a?
36
Let o be 1/((2 + 1)/288). Let n = -79 + o. Calculate the greatest common factor of 136 and n.
17
Suppose 0 = -5*w + 4*i - 6, 4 = -w + 4*i - 10. Let f be 3 + -12*(-27)/w. Let s be 44/3 - (-1)/3. Calculate the greatest common divisor of s and f.
15
Suppose -26379 - 2016 = -5*q. What is the greatest common factor of q and 9?
9
Let o = 8008 + -8000. Calculate the greatest common divisor of o and 76.
4
Suppose -2*a - 3*b = -4758, 2*a - 4*b - 2770 = 1946. What is the greatest common divisor of 120 and a?
30
Let q(p) = 2*p - 9. Let v be q(6). Suppose -v*o + 116 = 2*t, -5*o + 10*t - 7*t = -168. What is the highest common divisor of 4 and o?
4
Let v(g) = -2*g**3 + 17*g**2 + 9*g + 3. Let t be v(9). Let s = 2 + t. Let x be (9 - 23)*(-24)/14*s. What is the highest common divisor of 15 and x?
15
Let w be (22374/4)/9 - (-15)/(-10). Calculate the greatest common factor of 3875 and w.
155
Let q = 644 - 631. Let t be 104/(-3)*(-75)/50. Calculate the highest common factor of t and q.
13
Suppose 2*h - a = -0*h + 3332, -h = -2*a - 1672. What is the highest common factor of 1404 and h?
52
Let r = -12188 - -12192. Calculate the highest common divisor of 410 and r.
2
Let q = -1171 - -615. Let s = q - -646. Calculate the highest common divisor of 30 and s.
30
Let n = 280 + -302. Let k be n/((-852)/210 + 4). Calculate the highest common factor of k and 165.
55
Let r(w) = w**2 - 117*w + 668. Let j be r(111). Calculate the greatest common factor of j and 1746.
2
Let u be (3/(-2) - 1) + -1581*34/(-204). Calculate the greatest common divisor of 1943 and u.
29
Suppose 0 = -9*f - 1029 - 636. Let p = f - -272. Calculate the highest common factor of 464 and p.
29
Let h(t) = t**3 + 10*t**2 - 68*t - 229. Let z be h(-3). Calculate the highest common factor of 59 and z.
1
Let c = 11284 + -11214. Suppose 3*l - 5*n - 77 = 18, 145 = 4*l - 3*n. Calculate the greatest common divisor of c and l.
10
Suppose -25*n + 1037165 - 50165 = 0. What is the highest common divisor of 8 and n?
8
Let x(v) = 1517*v**2 + 148*v + 431. Let j be x(-3). Calculate the highest common divisor of j and 62.
62
Suppose 0 = -4*t - 16, -4*f = -6*f + 4*t + 396. Let s = f + 19. Let k = 36 - 17. What is the highest common divisor of k and s?
19
Suppose -246*g + 403*g = 1047504. What is the greatest common factor of 695 and g?
139
Suppose 3*f = 3*l - 9, -294*f + 295*f = 2*l - 5. Calculate the highest common divisor of 55 and l.
1
Let g = 147 - 71. Let j = 98 - g. Let y be 6780/28 + (-1)/7. What is the greatest common factor of y and j?
22
Suppose v - 17*v + 224 = 0. Suppose -v*r - 24 = -16*r. Calculate the greatest common factor of 384 and r.
12
Let k(r) = r - 1. Let f be k(4). Suppose 48 = n - 3*g, -72 = -4*n + f*g + 111. Suppose 16*y - 97